-2 - 11*a + a**2 + 0*a**2 + 3 - 2. Let o be y(11). List the prime factors of 1 - (o + -2 - 7).
11
Let v = -164 + 89. Let t = v - -201. List the prime factors of t.
2, 3, 7
Let p(f) = f**2 + 4*f - 3. Let h be p(0). Let u(l) = -4*l + l - 3 - 4*l. List the prime factors of u(h).
2, 3
Let z = 5 + -1. Suppose -5*t = -z*t - 52. What are the prime factors of t?
2, 13
Let b(d) = -4*d - 39. Let j(k) = -17*k**2 + 2*k + 1. Let n be j(-1). List the prime factors of b(n).
3, 11
Suppose -28*h - 1742 = -29*h - 5*d, 2*d = -4*h + 7040. List the prime factors of h.
2, 881
Let l = -2312 + 7889. What are the prime factors of l?
3, 11, 13
Let n = -648 + 883. What are the prime factors of n?
5, 47
Suppose 20 = 2*n + 4*z, 0*n + 5 = 5*n - 5*z. Let s be (n/6)/(2/(-36)). Let a = 23 - s. List the prime factors of a.
5, 7
Let m(t) = -t**2 + 10*t. Let u be m(10). Suppose u = 4*o + 4*a + 164, 135 + 79 = -5*o - 2*a. What are the prime factors of 1/((2/(-1))/o)?
2, 11
Let l(d) = -8*d + 6. Let u be l(-15). Let m = u - 67. List the prime factors of m.
59
Let h = 1934 + -1712. What are the prime factors of h?
2, 3, 37
Suppose -670 = 125*l - 127*l. List the prime factors of l.
5, 67
Let l(k) = 2*k**3 + 28*k**2 - 5*k. What are the prime factors of l(-14)?
2, 5, 7
Suppose 93*c - 231588 = 262800. What are the prime factors of c?
2, 3, 443
Let m(n) be the third derivative of 11*n**5/30 - n**4/12 - n**3/6 + 5*n**2. Suppose -2*w + 8 = 0, -w = 2*a - 1 - 1. List the prime factors of m(a).
23
Let h be (0 + 2)*(7 - 0). List the prime factors of 7*(976/63 - h/(-63)).
2, 5, 11
Let q = -27 - -30. Suppose 4*a + 1 + q = -5*d, 5*a + 5 = d. Suppose -m + 41 + 18 = d. What are the prime factors of m?
59
Let y(a) = -a**2 + 8*a - 7. Let m be y(3). What are the prime factors of (-324)/m*8/(-6)?
2, 3
Suppose 14*c - 15 = 9*c. Suppose 5*v - 1 + 34 = 3*n, -c*n - 4*v + 60 = 0. What are the prime factors of n?
2
Suppose 0 = -6*h - 11*h + 29818. What are the prime factors of h?
2, 877
Let x(b) = -2*b**2 + 16. Let a(g) = -g**2 + g + 1. Let s = -5 + 4. Let k(q) = s*a(q) + x(q). What are the prime factors of k(0)?
3, 5
Suppose -4*r + 40 = 4*y, -30 = -6*r + 4*r + 3*y. Let w(j) be the second derivative of j**3/3 - 3*j**2 + j. List the prime factors of w(r).
2, 3
Suppose 5*a + 26 = 4*a. Let y = a + 82. What are the prime factors of y?
2, 7
Suppose -2*k = q - 1166, -16*q + 574 = k - 11*q. What are the prime factors of k?
2, 73
Let j(r) = r**2 + 15*r - 22. Let i be j(-14). Let k = i + 39. Suppose 0 = k*q - 9*q + 324. What are the prime factors of q?
2, 3
Let u(g) = -g**2 - 6*g. Let a be u(-5). Suppose -8 - 27 = -a*l - 5*z, 4*l - 48 = z. Let o = l + -2. What are the prime factors of o?
3
Suppose -4*n - 6 = -f - 4*f, -2*n = -5*f + 8. Suppose -4*x - q = -177, 3*x - 4*x + f*q + 42 = 0. What are the prime factors of x?
2, 11
Let c(u) = 2*u + 16. Let k be c(-8). Suppose k = -34*b + 41*b - 1323. List the prime factors of b.
3, 7
Let b = -89 - -529. What are the prime factors of b?
2, 5, 11
Let d(a) = -2*a + 11*a**2 - 6 - a**2 - a**3 + 7 + 8. List the prime factors of d(8).
11
Suppose -42*x = -55*x + 56030. What are the prime factors of x?
2, 5, 431
Let f(s) = s**3 - 12*s**2 - s + 13. Let m be f(12). Let v(u) = -3 + 2 - m + 2*u + 3. What are the prime factors of v(13)?
3
Let q be (-4)/(-10) - (90/(-25))/(-9). Let m(y) = -6*y**2 - y + 226. List the prime factors of m(q).
2, 113
Let u = 424 + -205. List the prime factors of u.
3, 73
Suppose 0 = -3*g + 109 + 242. Suppose 6*t + 3*y - g = 3*t, 2*t - 3*y - 63 = 0. List the prime factors of t.
2, 3
Suppose -2 + 10 = 4*k - 5*h, -h = 5*k - 10. Suppose 4*u = -k*y + u - 11, -3*u + 31 = -4*y. Let a = 21 + y. List the prime factors of a.
2, 7
Suppose r = -7*r + 24. Suppose r*d - 2*d = -k + 4, -d = -2*k + 8. Suppose d = 4*t - 216 - 8. List the prime factors of t.
2, 7
Let p be (10 - 6) + -8 + 2. Let k(b) = -5*b**3 + 3*b**2 + 5*b + 7. List the prime factors of k(p).
7
Suppose 3*c - 3833 = 5*q, 3*c - 6*q = -7*q + 3863. List the prime factors of c.
2, 643
Let i be ((-16)/(-24))/((-6)/(-225)). Suppose 0 = i*x - 24*x - 51. List the prime factors of x.
3, 17
List the prime factors of ((-6)/8)/((-72)/195264).
2, 3, 113
Let b = 1 + 12. Suppose -21*n + b*n = -1240. What are the prime factors of n?
5, 31
Suppose -3*g - 2*a + 31 = 0, -5*a - 4 = -g + 12. Let y = g + -9. List the prime factors of (12/(-20))/(y/(-10)).
3
Let a(p) = 10*p**2 - 3*p - 38. What are the prime factors of a(17)?
2801
Suppose 5*z - 674 = -2*t + 525, -2386 = -4*t + 2*z. List the prime factors of t.
3, 199
Let k(v) = -1. Let u(q) = q + 21. Let a(y) = 3*k(y) + u(y). List the prime factors of a(-15).
3
Let a(i) = 45*i**2 + 26*i + 3. List the prime factors of a(-4).
619
Let y = -8 - -2. Let h(b) = -b + b**2 + 1 - 7 + 2*b + 0*b. List the prime factors of h(y).
2, 3
Let p be 0/((-1)/(-1 - -2)). Let b = 9 + p. Suppose 16*i - 497 = b*i. What are the prime factors of i?
71
Suppose -100 = -4*f - 4*z, 2*z = -0*z - 8. Let c be 57*(4 + -5 + 2). Let q = c - f. What are the prime factors of q?
2, 7
Suppose k - 1219 = 2*i - 54, 5*k = 2*i + 5825. What are the prime factors of k?
5, 233
Let x = 768 - -144. Suppose 16*k - 19*k = -x. List the prime factors of k.
2, 19
Suppose 45*u - 47*u = -20. Let f(r) = 8*r + 49. What are the prime factors of f(u)?
3, 43
Suppose -12*v = -13*v + 3. Suppose 6*d - 99 = v. What are the prime factors of d?
17
Let a(x) = -3*x. Let l be a(2). Let z = 24 - 48. Let c = l - z. What are the prime factors of c?
2, 3
Let y = 9 + -9. Suppose -2 = -y*c - c. Suppose 2*h + c*h = 5*o + 280, 4*o = h - 70. What are the prime factors of h?
2, 5, 7
Suppose -2*x = 3*t - 3101, 10*x = 6*x + 16. List the prime factors of t.
1031
What are the prime factors of (-3 + 1)*-172 - (19 + -17)?
2, 3, 19
Let a(f) = f**3 - 10*f**2 + 12*f + 9. Let w be a(9). Suppose 8*n - w = -156. List the prime factors of 64/3 - (-5)/n.
3, 7
Let j(y) = y - 8. Let z be j(8). Suppose z = w - 6*w + 485. Suppose w + 43 = 4*k. List the prime factors of k.
5, 7
Let h = 38 + -2. Suppose -4*o - 42 = -2*f - 6, h = -4*o + 3*f. Let b = o - -32. What are the prime factors of b?
23
Suppose 4*a + 3*h = 3003, 5*a - h - 3720 = 2*h. What are the prime factors of a?
3, 83
Suppose -m - 25 = t, 2*m - 4 = -0*m. Let s = t + 99. Suppose -s + 8 = -3*j + c, -4*c - 80 = -4*j. List the prime factors of j.
2, 11
Let k(j) = j**3 + 10*j**2 + 11*j + 6. Let y be k(-8). Let v = y + -26. Let f = 51 - v. What are the prime factors of f?
31
Suppose 6 = 3*v - 0*v. Suppose -4*t + 10 = -v*t. Suppose -2*p + t*p - 33 = 0. What are the prime factors of p?
11
What are the prime factors of 160/40*(-5315)/(-10)?
2, 1063
Let n(j) = -5828*j - 185. What are the prime factors of n(-1)?
3, 11, 19
Suppose 0 = -2*p + 2055 + 229. What are the prime factors of p?
2, 571
Suppose 29*b - 3380 = 9*b. List the prime factors of b.
13
Let x(i) be the third derivative of i**7/2520 + i**6/360 + i**5/120 - i**4/3 + i**2. Let a(l) be the second derivative of x(l). List the prime factors of a(5).
2, 3
List the prime factors of 1 - ((-30)/(-70) + (-2775)/7).
397
Suppose -8 = 2*z, -17*q - z - 10052 = -21*q. List the prime factors of q.
2, 157
Let g(j) = 2*j + 0*j - 4 + 18. Let h be g(-5). What are the prime factors of 1239/42 + 2/h?
2, 3, 5
Suppose -h = 3*s - 0*s - 7, 3*h = -3*s + 9. Let o(u) be the third derivative of u**4/3 + 3*u**2. What are the prime factors of o(h)?
2
Let m = -2 - -8. Suppose -4*p = -p + 5*n + 15, 2*p + 12 = -4*n. Let j = m - p. What are the prime factors of j?
2, 3
Let q(m) = -950*m**3 + 2*m**2 + 2*m + 2. List the prime factors of q(-1).
2, 7, 17
Suppose 6*x = -2*x + 40. Let u = 58 + x. List the prime factors of u.
3, 7
Let k(p) = -2*p**3 + 14*p**2 + p - 15. Let q(v) = -8*v**2 - v - 1 + 9 + 0*v**3 + v**2 + v**3. Let u(m) = 6*k(m) + 11*q(m). List the prime factors of u(4).
2, 13
Let g(a) = -a**3 - 4*a**2 - 4. Let q(v) be the second derivative of -v**4/12 + v**3/3 - v**2 - v. Let f be q(3). What are the prime factors of g(f)?
3, 7
Suppose -2*q + 3*q + 2 = 0. List the prime factors of ((-3)/(18/(-2)))/(q/(-24)).
2
Let j(h) = -67*h**2 - h - 1. Let c be j(-1). Suppose 92 = -2*l + 2*d, 2*d = 4*l + 290 - 104. Let q = l - c. List the prime factors of q.
2, 5
List the prime factors of 5702 - (-46 - -48 - (-2 - 